{"id":3466,"date":"2021-08-26T12:07:06","date_gmt":"2021-08-26T12:07:06","guid":{"rendered":"https:\/\/veritastestovi.com\/?page_id=3466"},"modified":"2021-10-19T13:09:42","modified_gmt":"2021-10-19T13:09:42","slug":"blog-cg","status":"publish","type":"page","link":"https:\/\/veritastestovi.com\/index.php\/blog-cg\/","title":{"rendered":"Blog"},"content":{"rendered":"\t\t<div data-elementor-type=\"wp-page\" data-elementor-id=\"3466\" class=\"elementor elementor-3466\" data-elementor-post-type=\"page\">\n\t\t\t\t\t\t<section class=\"elementor-section elementor-top-section elementor-element elementor-element-d30d466 elementor-section-boxed elementor-section-height-default elementor-section-height-default\" data-id=\"d30d466\" data-element_type=\"section\" data-e-type=\"section\">\n\t\t\t\t\t\t<div class=\"elementor-container elementor-column-gap-default\">\n\t\t\t\t\t<div class=\"elementor-column elementor-col-100 elementor-top-column elementor-element elementor-element-d0bf1c2\" data-id=\"d0bf1c2\" data-element_type=\"column\" data-e-type=\"column\">\n\t\t\t<div class=\"elementor-widget-wrap elementor-element-populated\">\n\t\t\t\t\t\t<div class=\"elementor-element elementor-element-95ce84f elementor-widget elementor-widget-heading\" data-id=\"95ce84f\" data-element_type=\"widget\" data-e-type=\"widget\" data-widget_type=\"heading.default\">\n\t\t\t\t<div class=\"elementor-widget-container\">\n\t\t\t\t\t<h2 class=\"elementor-heading-title elementor-size-default\">Najnoviji \u010dlanci<\/h2>\t\t\t\t<\/div>\n\t\t\t\t<\/div>\n\t\t\t\t<div class=\"elementor-element elementor-element-1dfb38a elementor-grid-2 elementor-posts--align-left elementor-grid-tablet-2 elementor-grid-mobile-1 elementor-posts--thumbnail-top elementor-card-shadow-yes elementor-posts__hover-gradient elementor-widget elementor-widget-posts\" data-id=\"1dfb38a\" data-element_type=\"widget\" data-e-type=\"widget\" data-settings=\"{&quot;cards_columns&quot;:&quot;2&quot;,&quot;cards_masonry&quot;:&quot;yes&quot;,&quot;pagination_type&quot;:&quot;numbers&quot;,&quot;cards_columns_tablet&quot;:&quot;2&quot;,&quot;cards_columns_mobile&quot;:&quot;1&quot;,&quot;cards_row_gap&quot;:{&quot;unit&quot;:&quot;px&quot;,&quot;size&quot;:35,&quot;sizes&quot;:[]},&quot;cards_row_gap_tablet&quot;:{&quot;unit&quot;:&quot;px&quot;,&quot;size&quot;:&quot;&quot;,&quot;sizes&quot;:[]},&quot;cards_row_gap_mobile&quot;:{&quot;unit&quot;:&quot;px&quot;,&quot;size&quot;:&quot;&quot;,&quot;sizes&quot;:[]}}\" data-widget_type=\"posts.cards\">\n\t\t\t\t<div class=\"elementor-widget-container\">\n\t\t\t\t\t\t\t<div class=\"elementor-posts-container elementor-posts elementor-posts--skin-cards elementor-grid\">\n\t\t\t\t<article class=\"elementor-post elementor-grid-item post-3400 post type-post status-publish format-standard has-post-thumbnail hentry category-blog-bih category-blog-cg tag-neinvazivno-prenatalno-testiranje tag-nipt tag-prenatalno-testiranje tag-tatjana-jovanovic\">\n\t\t\t<div class=\"elementor-post__card\">\n\t\t\t\t<a class=\"elementor-post__thumbnail__link\" href=\"https:\/\/veritastestovi.com\/index.php\/2021\/08\/26\/kako-odabrati-najbolji-prenatalni-test\/\" tabindex=\"-1\" ><div class=\"elementor-post__thumbnail\"><img fetchpriority=\"high\" decoding=\"async\" width=\"800\" height=\"419\" src=\"https:\/\/veritastestovi.com\/wp-content\/uploads\/2021\/08\/kako-odabrati-najbolji-prenatalni-test-1024x536.jpg\" class=\"attachment-large size-large wp-image-3401\" alt=\"Kako odabrati najbolji prenatalni test? - Tatjana Jovanovi\u0107\" srcset=\"https:\/\/veritastestovi.com\/wp-content\/uploads\/2021\/08\/kako-odabrati-najbolji-prenatalni-test-1024x536.jpg 1024w, https:\/\/veritastestovi.com\/wp-content\/uploads\/2021\/08\/kako-odabrati-najbolji-prenatalni-test-300x157.jpg 300w, https:\/\/veritastestovi.com\/wp-content\/uploads\/2021\/08\/kako-odabrati-najbolji-prenatalni-test-768x402.jpg 768w, https:\/\/veritastestovi.com\/wp-content\/uploads\/2021\/08\/kako-odabrati-najbolji-prenatalni-test.jpg 1200w\" sizes=\"(max-width: 800px) 100vw, 800px\" \/><\/div><\/a>\n\t\t\t\t<div class=\"elementor-post__text\">\n\t\t\t\t<h3 class=\"elementor-post__title\">\n\t\t\t<a href=\"https:\/\/veritastestovi.com\/index.php\/2021\/08\/26\/kako-odabrati-najbolji-prenatalni-test\/\" >\n\t\t\t\tKako odabrati najbolji prenatalni test?\t\t\t<\/a>\n\t\t<\/h3>\n\t\t\t\t<div class=\"elementor-post__excerpt\">\n\t\t\t<p>Ukoliko razmi\u0161lja\u0161 o tome da uradi\u0161 prenatalni test, sigurno si prilikom istra\u017eivanja prona\u0161la mno\u0161tvo njih i na prvi pogled su ti se svi u\u010dinili sli\u010dni. Do\u0161lo je vrijeme da se odlu\u010di\u0161, ali nisi ba\u0161 sigurna koji je pravi test za tebe. U nastavku ti donosimo rije\u010di Tatjane Jovanovi\u0107, na\u0161eg stru\u010dnjaka iz oblasti genetike koje \u0107e ti pomo\u0107i prilikom odabira prenatalnog testa za sebe. <\/p>\n\t\t<\/div>\n\t\t\n\t\t<a class=\"elementor-post__read-more\" href=\"https:\/\/veritastestovi.com\/index.php\/2021\/08\/26\/kako-odabrati-najbolji-prenatalni-test\/\" aria-label=\"Read more about Kako odabrati najbolji prenatalni test?\" tabindex=\"-1\" >\n\t\t\tPro\u010ditaj vi\u0161e \u00bb\t\t<\/a>\n\n\t\t\t\t<\/div>\n\t\t\t\t<div class=\"elementor-post__meta-data\">\n\t\t\t\t\t<span class=\"elementor-post-date\">\n\t\t\tAugust 26, 2021\t\t<\/span>\n\t\t\t\t<\/div>\n\t\t\t\t\t<\/div>\n\t\t<\/article>\n\t\t\t\t<article class=\"elementor-post elementor-grid-item post-3351 post type-post status-publish format-standard has-post-thumbnail hentry category-blog-bih category-blog-cg tag-down-sindrom tag-faktori-rizika-za-bolesti-kod-djece tag-godine-roditelja tag-neinvazivno-prenatalno-testiranje tag-nipt tag-prenatalno-testiranje\">\n\t\t\t<div class=\"elementor-post__card\">\n\t\t\t\t<a class=\"elementor-post__thumbnail__link\" href=\"https:\/\/veritastestovi.com\/index.php\/2021\/08\/17\/da-li-godine-oca-mogu-da-budu-indikacija-za-prenatalni-test\/\" tabindex=\"-1\" ><div class=\"elementor-post__thumbnail\"><img decoding=\"async\" width=\"800\" height=\"534\" src=\"https:\/\/veritastestovi.com\/wp-content\/uploads\/2021\/08\/godine-oca-zdravlje-bebe-1-1024x683.jpg\" class=\"attachment-large size-large wp-image-3359\" alt=\"Da li godine oca mogu da budu indikacija za prenatalno testiranje?\" srcset=\"https:\/\/veritastestovi.com\/wp-content\/uploads\/2021\/08\/godine-oca-zdravlje-bebe-1-1024x683.jpg 1024w, https:\/\/veritastestovi.com\/wp-content\/uploads\/2021\/08\/godine-oca-zdravlje-bebe-1-300x200.jpg 300w, https:\/\/veritastestovi.com\/wp-content\/uploads\/2021\/08\/godine-oca-zdravlje-bebe-1-768x512.jpg 768w, https:\/\/veritastestovi.com\/wp-content\/uploads\/2021\/08\/godine-oca-zdravlje-bebe-1.jpg 1200w\" sizes=\"(max-width: 800px) 100vw, 800px\" \/><\/div><\/a>\n\t\t\t\t<div class=\"elementor-post__text\">\n\t\t\t\t<h3 class=\"elementor-post__title\">\n\t\t\t<a href=\"https:\/\/veritastestovi.com\/index.php\/2021\/08\/17\/da-li-godine-oca-mogu-da-budu-indikacija-za-prenatalni-test\/\" >\n\t\t\t\tDa li godine oca mogu da uti\u010du na zdravlje bebe? Koja godina je presudna?\t\t\t<\/a>\n\t\t<\/h3>\n\t\t\t\t<div class=\"elementor-post__excerpt\">\n\t\t\t<p>Svima nam je poznato da sa godinama majke raste rizik od pojave razli\u010ditih genetskih abnormalnosti kod bebe. Me\u0111utim, rijetko se spominju godine oca kao rizi\u010dni faktor pojave nekih oboljenja ili sindroma kod djece. Da li zbog godina oca postoji ve\u0107i rizik od pojave Downovog sindroma ili nekih drugih oboljenja? Da li prema tome godine oca mo\u017eemo posmatrati kao jednu od indikacija za neinvazivno prenatalno testiranje? <\/p>\n\t\t<\/div>\n\t\t\n\t\t<a class=\"elementor-post__read-more\" href=\"https:\/\/veritastestovi.com\/index.php\/2021\/08\/17\/da-li-godine-oca-mogu-da-budu-indikacija-za-prenatalni-test\/\" aria-label=\"Read more about Da li godine oca mogu da uti\u010du na zdravlje bebe? Koja godina je presudna?\" tabindex=\"-1\" >\n\t\t\tPro\u010ditaj vi\u0161e \u00bb\t\t<\/a>\n\n\t\t\t\t<\/div>\n\t\t\t\t<div class=\"elementor-post__meta-data\">\n\t\t\t\t\t<span class=\"elementor-post-date\">\n\t\t\tAugust 17, 2021\t\t<\/span>\n\t\t\t\t<\/div>\n\t\t\t\t\t<\/div>\n\t\t<\/article>\n\t\t\t\t<\/div>\n\t\t\n\t\t\t\t\t\t<\/div>\n\t\t\t\t<\/div>\n\t\t\t\t\t<\/div>\n\t\t<\/div>\n\t\t\t\t\t<\/div>\n\t\t<\/section>\n\t\t\t\t<\/div>\n\t\t","protected":false},"excerpt":{"rendered":"<p>Najnoviji \u010dlanci<\/p>\n","protected":false},"author":2,"featured_media":0,"parent":0,"menu_order":0,"comment_status":"closed","ping_status":"closed","template":"","meta":{"footnotes":""},"class_list":["post-3466","page","type-page","status-publish","hentry"],"yoast_head":"<!-- This site is optimized with the Yoast SEO plugin v27.3 - https:\/\/yoast.com\/product\/yoast-seo-wordpress\/ -->\n<title>Veritas Genetski Testovi - Blog<\/title>\n<meta name=\"description\" content=\"Kako odabrati najbolji prenatalni test? Da li godine oca mogu da uti\u010du na zdravlje bebe? \u010citaj na na\u0161em blogu!\" \/>\n<meta name=\"robots\" content=\"index, follow, max-snippet:-1, max-image-preview:large, max-video-preview:-1\" \/>\n<link rel=\"canonical\" href=\"https:\/\/veritastestovi.com\/index.php\/blog-cg\/\" \/>\n<meta property=\"og:locale\" content=\"en_US\" \/>\n<meta property=\"og:type\" content=\"article\" \/>\n<meta property=\"og:title\" content=\"Veritas Genetski Testovi - Blog\" \/>\n<meta property=\"og:description\" content=\"Kako odabrati najbolji prenatalni test? Da li godine oca mogu da uti\u010du na zdravlje bebe? \u010citaj na na\u0161em blogu!\" \/>\n<meta property=\"og:url\" content=\"https:\/\/veritastestovi.com\/index.php\/blog-cg\/\" \/>\n<meta property=\"og:site_name\" content=\"Veritas Genetski Testovi\" \/>\n<meta property=\"article:modified_time\" content=\"2021-10-19T13:09:42+00:00\" \/>\n<meta property=\"og:image\" content=\"https:\/\/veritastestovi.com\/wp-content\/uploads\/2021\/08\/naruci-veritas-test.jpg\" \/>\n\t<meta property=\"og:image:width\" content=\"1200\" \/>\n\t<meta property=\"og:image:height\" content=\"628\" \/>\n\t<meta property=\"og:image:type\" content=\"image\/jpeg\" \/>\n<meta name=\"twitter:card\" content=\"summary_large_image\" \/>\n<meta name=\"twitter:label1\" content=\"Est. reading time\" \/>\n\t<meta name=\"twitter:data1\" content=\"1 minute\" \/>\n<script type=\"application\/ld+json\" class=\"yoast-schema-graph\">{\"@context\":\"https:\\\/\\\/schema.org\",\"@graph\":[{\"@type\":\"WebPage\",\"@id\":\"https:\\\/\\\/veritastestovi.com\\\/index.php\\\/blog-cg\\\/\",\"url\":\"https:\\\/\\\/veritastestovi.com\\\/index.php\\\/blog-cg\\\/\",\"name\":\"Veritas Genetski Testovi - Blog\",\"isPartOf\":{\"@id\":\"https:\\\/\\\/veritastestovi.com\\\/#website\"},\"datePublished\":\"2021-08-26T12:07:06+00:00\",\"dateModified\":\"2021-10-19T13:09:42+00:00\",\"description\":\"Kako odabrati najbolji prenatalni test? Da li godine oca mogu da uti\u010du na zdravlje bebe? \u010citaj na na\u0161em blogu!\",\"breadcrumb\":{\"@id\":\"https:\\\/\\\/veritastestovi.com\\\/index.php\\\/blog-cg\\\/#breadcrumb\"},\"inLanguage\":\"en-US\",\"potentialAction\":[{\"@type\":\"ReadAction\",\"target\":[\"https:\\\/\\\/veritastestovi.com\\\/index.php\\\/blog-cg\\\/\"]}]},{\"@type\":\"BreadcrumbList\",\"@id\":\"https:\\\/\\\/veritastestovi.com\\\/index.php\\\/blog-cg\\\/#breadcrumb\",\"itemListElement\":[{\"@type\":\"ListItem\",\"position\":1,\"name\":\"Home\",\"item\":\"https:\\\/\\\/veritastestovi.com\\\/\"},{\"@type\":\"ListItem\",\"position\":2,\"name\":\"Blog\"}]},{\"@type\":\"WebSite\",\"@id\":\"https:\\\/\\\/veritastestovi.com\\\/#website\",\"url\":\"https:\\\/\\\/veritastestovi.com\\\/\",\"name\":\"Veritas Genetski Testovi\",\"description\":\"\",\"publisher\":{\"@id\":\"https:\\\/\\\/veritastestovi.com\\\/#organization\"},\"potentialAction\":[{\"@type\":\"SearchAction\",\"target\":{\"@type\":\"EntryPoint\",\"urlTemplate\":\"https:\\\/\\\/veritastestovi.com\\\/?s={search_term_string}\"},\"query-input\":{\"@type\":\"PropertyValueSpecification\",\"valueRequired\":true,\"valueName\":\"search_term_string\"}}],\"inLanguage\":\"en-US\"},{\"@type\":\"Organization\",\"@id\":\"https:\\\/\\\/veritastestovi.com\\\/#organization\",\"name\":\"Veritas testovi - BTGMED\",\"url\":\"https:\\\/\\\/veritastestovi.com\\\/\",\"logo\":{\"@type\":\"ImageObject\",\"inLanguage\":\"en-US\",\"@id\":\"https:\\\/\\\/veritastestovi.com\\\/#\\\/schema\\\/logo\\\/image\\\/\",\"url\":\"https:\\\/\\\/veritastestovi.com\\\/wp-content\\\/uploads\\\/2021\\\/04\\\/btg-med.png\",\"contentUrl\":\"https:\\\/\\\/veritastestovi.com\\\/wp-content\\\/uploads\\\/2021\\\/04\\\/btg-med.png\",\"width\":1608,\"height\":536,\"caption\":\"Veritas testovi - BTGMED\"},\"image\":{\"@id\":\"https:\\\/\\\/veritastestovi.com\\\/#\\\/schema\\\/logo\\\/image\\\/\"}}]}<\/script>\n<!-- \/ Yoast SEO plugin. -->","yoast_head_json":{"title":"Veritas Genetski Testovi - Blog","description":"Kako odabrati najbolji prenatalni test? Da li godine oca mogu da uti\u010du na zdravlje bebe? \u010citaj na na\u0161em blogu!","robots":{"index":"index","follow":"follow","max-snippet":"max-snippet:-1","max-image-preview":"max-image-preview:large","max-video-preview":"max-video-preview:-1"},"canonical":"https:\/\/veritastestovi.com\/index.php\/blog-cg\/","og_locale":"en_US","og_type":"article","og_title":"Veritas Genetski Testovi - Blog","og_description":"Kako odabrati najbolji prenatalni test? Da li godine oca mogu da uti\u010du na zdravlje bebe? \u010citaj na na\u0161em blogu!","og_url":"https:\/\/veritastestovi.com\/index.php\/blog-cg\/","og_site_name":"Veritas Genetski Testovi","article_modified_time":"2021-10-19T13:09:42+00:00","og_image":[{"width":1200,"height":628,"url":"https:\/\/veritastestovi.com\/wp-content\/uploads\/2021\/08\/naruci-veritas-test.jpg","type":"image\/jpeg"}],"twitter_card":"summary_large_image","twitter_misc":{"Est. reading time":"1 minute"},"schema":{"@context":"https:\/\/schema.org","@graph":[{"@type":"WebPage","@id":"https:\/\/veritastestovi.com\/index.php\/blog-cg\/","url":"https:\/\/veritastestovi.com\/index.php\/blog-cg\/","name":"Veritas Genetski Testovi - Blog","isPartOf":{"@id":"https:\/\/veritastestovi.com\/#website"},"datePublished":"2021-08-26T12:07:06+00:00","dateModified":"2021-10-19T13:09:42+00:00","description":"Kako odabrati najbolji prenatalni test? Da li godine oca mogu da uti\u010du na zdravlje bebe? \u010citaj na na\u0161em blogu!","breadcrumb":{"@id":"https:\/\/veritastestovi.com\/index.php\/blog-cg\/#breadcrumb"},"inLanguage":"en-US","potentialAction":[{"@type":"ReadAction","target":["https:\/\/veritastestovi.com\/index.php\/blog-cg\/"]}]},{"@type":"BreadcrumbList","@id":"https:\/\/veritastestovi.com\/index.php\/blog-cg\/#breadcrumb","itemListElement":[{"@type":"ListItem","position":1,"name":"Home","item":"https:\/\/veritastestovi.com\/"},{"@type":"ListItem","position":2,"name":"Blog"}]},{"@type":"WebSite","@id":"https:\/\/veritastestovi.com\/#website","url":"https:\/\/veritastestovi.com\/","name":"Veritas Genetski Testovi","description":"","publisher":{"@id":"https:\/\/veritastestovi.com\/#organization"},"potentialAction":[{"@type":"SearchAction","target":{"@type":"EntryPoint","urlTemplate":"https:\/\/veritastestovi.com\/?s={search_term_string}"},"query-input":{"@type":"PropertyValueSpecification","valueRequired":true,"valueName":"search_term_string"}}],"inLanguage":"en-US"},{"@type":"Organization","@id":"https:\/\/veritastestovi.com\/#organization","name":"Veritas testovi - BTGMED","url":"https:\/\/veritastestovi.com\/","logo":{"@type":"ImageObject","inLanguage":"en-US","@id":"https:\/\/veritastestovi.com\/#\/schema\/logo\/image\/","url":"https:\/\/veritastestovi.com\/wp-content\/uploads\/2021\/04\/btg-med.png","contentUrl":"https:\/\/veritastestovi.com\/wp-content\/uploads\/2021\/04\/btg-med.png","width":1608,"height":536,"caption":"Veritas testovi - BTGMED"},"image":{"@id":"https:\/\/veritastestovi.com\/#\/schema\/logo\/image\/"}}]}},"_links":{"self":[{"href":"https:\/\/veritastestovi.com\/index.php\/wp-json\/wp\/v2\/pages\/3466","targetHints":{"allow":["GET"]}}],"collection":[{"href":"https:\/\/veritastestovi.com\/index.php\/wp-json\/wp\/v2\/pages"}],"about":[{"href":"https:\/\/veritastestovi.com\/index.php\/wp-json\/wp\/v2\/types\/page"}],"author":[{"embeddable":true,"href":"https:\/\/veritastestovi.com\/index.php\/wp-json\/wp\/v2\/users\/2"}],"replies":[{"embeddable":true,"href":"https:\/\/veritastestovi.com\/index.php\/wp-json\/wp\/v2\/comments?post=3466"}],"version-history":[{"count":0,"href":"https:\/\/veritastestovi.com\/index.php\/wp-json\/wp\/v2\/pages\/3466\/revisions"}],"wp:attachment":[{"href":"https:\/\/veritastestovi.com\/index.php\/wp-json\/wp\/v2\/media?parent=3466"}],"curies":[{"name":"wp","href":"https:\/\/api.w.org\/{rel}","templated":true}]}}