{"id":3835,"date":"2021-12-14T08:12:06","date_gmt":"2021-12-14T08:12:06","guid":{"rendered":"https:\/\/veritastestovi.com\/?page_id=3835"},"modified":"2022-06-22T07:50:23","modified_gmt":"2022-06-22T07:50:23","slug":"veritasmama-poklanjaj-s-nama-2","status":"publish","type":"page","link":"https:\/\/veritastestovi.com\/index.php\/veritasmama-poklanjaj-s-nama-2\/","title":{"rendered":"#VeritasMama, poklanjaj sa nama!"},"content":{"rendered":"\t\t<div data-elementor-type=\"wp-page\" data-elementor-id=\"3835\" class=\"elementor elementor-3835\" data-elementor-post-type=\"page\">\n\t\t\t\t\t\t<section class=\"elementor-section elementor-top-section elementor-element elementor-element-d020ee0 elementor-section-full_width elementor-hidden-desktop elementor-hidden-tablet elementor-section-height-default elementor-section-height-default\" data-id=\"d020ee0\" data-element_type=\"section\" data-e-type=\"section\">\n\t\t\t\t\t\t<div class=\"elementor-container elementor-column-gap-default\">\n\t\t\t\t\t<div class=\"elementor-column elementor-col-100 elementor-top-column elementor-element elementor-element-d1cc0d2\" data-id=\"d1cc0d2\" data-element_type=\"column\" data-e-type=\"column\">\n\t\t\t<div class=\"elementor-widget-wrap elementor-element-populated\">\n\t\t\t\t\t\t<section class=\"elementor-section elementor-inner-section elementor-element elementor-element-6e5d44d elementor-section-full_width elementor-section-height-default elementor-section-height-default\" data-id=\"6e5d44d\" data-element_type=\"section\" data-e-type=\"section\">\n\t\t\t\t\t\t<div class=\"elementor-container elementor-column-gap-default\">\n\t\t\t\t\t<div class=\"elementor-column elementor-col-100 elementor-inner-column elementor-element elementor-element-c586eaf\" data-id=\"c586eaf\" data-element_type=\"column\" data-e-type=\"column\">\n\t\t\t<div class=\"elementor-widget-wrap elementor-element-populated\">\n\t\t\t\t\t\t<div class=\"elementor-element elementor-element-568da24 elementor-hidden-desktop elementor-hidden-tablet elementor-widget elementor-widget-image\" data-id=\"568da24\" data-element_type=\"widget\" data-e-type=\"widget\" data-widget_type=\"image.default\">\n\t\t\t\t<div class=\"elementor-widget-container\">\n\t\t\t\t\t\t\t\t\t\t\t\t\t\t\t<img fetchpriority=\"high\" decoding=\"async\" width=\"1080\" height=\"1080\" src=\"https:\/\/veritastestovi.com\/wp-content\/uploads\/2021\/12\/VeritasMama-poklanjaj-sa-nama.png\" class=\"attachment-full size-full wp-image-3838\" alt=\"#VeritasMama, poklanjaj s nama!\" srcset=\"https:\/\/veritastestovi.com\/wp-content\/uploads\/2021\/12\/VeritasMama-poklanjaj-sa-nama.png 1080w, https:\/\/veritastestovi.com\/wp-content\/uploads\/2021\/12\/VeritasMama-poklanjaj-sa-nama-300x300.png 300w, https:\/\/veritastestovi.com\/wp-content\/uploads\/2021\/12\/VeritasMama-poklanjaj-sa-nama-1024x1024.png 1024w, https:\/\/veritastestovi.com\/wp-content\/uploads\/2021\/12\/VeritasMama-poklanjaj-sa-nama-150x150.png 150w, https:\/\/veritastestovi.com\/wp-content\/uploads\/2021\/12\/VeritasMama-poklanjaj-sa-nama-768x768.png 768w\" sizes=\"(max-width: 1080px) 100vw, 1080px\" \/>\t\t\t\t\t\t\t\t\t\t\t\t\t\t\t<\/div>\n\t\t\t\t<\/div>\n\t\t\t\t\t<\/div>\n\t\t<\/div>\n\t\t\t\t\t<\/div>\n\t\t<\/section>\n\t\t\t\t\t<\/div>\n\t\t<\/div>\n\t\t\t\t\t<\/div>\n\t\t<\/section>\n\t\t\t\t<section class=\"elementor-section elementor-top-section elementor-element elementor-element-547de73 elementor-section-boxed elementor-section-height-default elementor-section-height-default\" data-id=\"547de73\" data-element_type=\"section\" data-e-type=\"section\">\n\t\t\t\t\t\t<div class=\"elementor-container elementor-column-gap-custom\">\n\t\t\t\t\t<div class=\"elementor-column elementor-col-100 elementor-top-column elementor-element elementor-element-57b7c95\" data-id=\"57b7c95\" data-element_type=\"column\" data-e-type=\"column\">\n\t\t\t<div class=\"elementor-widget-wrap elementor-element-populated\">\n\t\t\t\t\t\t<div class=\"elementor-element elementor-element-2ad9a7e elementor-hidden-phone elementor-widget elementor-widget-image\" data-id=\"2ad9a7e\" data-element_type=\"widget\" data-e-type=\"widget\" data-widget_type=\"image.default\">\n\t\t\t\t<div class=\"elementor-widget-container\">\n\t\t\t\t\t\t\t\t\t\t\t\t\t\t\t<img decoding=\"async\" width=\"1200\" height=\"628\" src=\"https:\/\/veritastestovi.com\/wp-content\/uploads\/2021\/12\/VeritasMama-poklanjaj-sa-nama-1200x628-1.png\" class=\"attachment-full size-full wp-image-3845\" alt=\"#VeritasMama, poklanjaj s nama!\" srcset=\"https:\/\/veritastestovi.com\/wp-content\/uploads\/2021\/12\/VeritasMama-poklanjaj-sa-nama-1200x628-1.png 1200w, https:\/\/veritastestovi.com\/wp-content\/uploads\/2021\/12\/VeritasMama-poklanjaj-sa-nama-1200x628-1-300x157.png 300w, https:\/\/veritastestovi.com\/wp-content\/uploads\/2021\/12\/VeritasMama-poklanjaj-sa-nama-1200x628-1-1024x536.png 1024w, https:\/\/veritastestovi.com\/wp-content\/uploads\/2021\/12\/VeritasMama-poklanjaj-sa-nama-1200x628-1-768x402.png 768w\" sizes=\"(max-width: 1200px) 100vw, 1200px\" \/>\t\t\t\t\t\t\t\t\t\t\t\t\t\t\t<\/div>\n\t\t\t\t<\/div>\n\t\t\t\t<div class=\"elementor-element elementor-element-e9e3808 elementor-widget elementor-widget-heading\" data-id=\"e9e3808\" data-element_type=\"widget\" data-e-type=\"widget\" data-widget_type=\"heading.default\">\n\t\t\t\t<div class=\"elementor-widget-container\">\n\t\t\t\t\t<h2 class=\"elementor-heading-title elementor-size-default\">Darivanje je samo po sebi dar \u2013 hajde da zajedno poklanjamo<\/h2>\t\t\t\t<\/div>\n\t\t\t\t<\/div>\n\t\t\t\t<div class=\"elementor-element elementor-element-fb0d1e7 elementor-widget elementor-widget-text-editor\" data-id=\"fb0d1e7\" data-element_type=\"widget\" data-e-type=\"widget\" data-widget_type=\"text-editor.default\">\n\t\t\t\t<div class=\"elementor-widget-container\">\n\t\t\t\t\t\t\t\t\t<p>Draga #VeritasMama,<\/p><p>Ponosni smo \u0161to si donijela odluku da nam pokloni\u0161 svoje povjerenje u ispitivanju genetskog zdravlja svoje bebe i postala #VeritasMama. Presre\u0107ni smo zbog broja trudnica koje sa ponosom nose titulu #VeritasMama i svakodnevno \u0161alju fotografije svojih #VeritasBeba koje odrastaju u sre\u0107ne i vesele ljude. To nam je najljep\u0161i poklon svaki dan. \ud83d\ude0a<\/p><p><strong>Zato \u017eelimo da, jo\u0161 jednom, uzvratimo poklonima! \ud83c\udf81<\/strong><\/p><p>U ovoj sezoni godi\u0161njih odmora smo odlu\u010dili da pokrenemo jo\u0161 jednu akciju &#8220;#VeritasMama \u2013 poklanjaj sa nama!&#8221;, te da ti omogu\u0107imo da svoje 3 prijateljice trudnice obraduje\u0161 sa popustom za VeritasTest myPrenatal.<\/p><p><strong>Poklanjamo ti 3 promo koda za VeritasTest myPrenatal u iznosu od po 50 EUR koje mo\u017ee\u0161 pokloniti svojim prijateljicama trudnicama. Kod mo\u017ee da se iskoristi do 31. jula. Idealan poklon prijateljici trudnici za svaku priliku, zar ne? \ud83e\udd70<\/strong><\/p>\t\t\t\t\t\t\t\t<\/div>\n\t\t\t\t<\/div>\n\t\t\t\t<div class=\"elementor-element elementor-element-7f22640 elementor-widget elementor-widget-heading\" data-id=\"7f22640\" data-element_type=\"widget\" data-e-type=\"widget\" data-widget_type=\"heading.default\">\n\t\t\t\t<div class=\"elementor-widget-container\">\n\t\t\t\t\t<h3 class=\"elementor-heading-title elementor-size-default\">Kako mo\u017ee\u0161 da obraduje\u0161 svoju prijateljicu?<\/h3>\t\t\t\t<\/div>\n\t\t\t\t<\/div>\n\t\t\t\t<div class=\"elementor-element elementor-element-769e4a7 elementor-widget elementor-widget-text-editor\" data-id=\"769e4a7\" data-element_type=\"widget\" data-e-type=\"widget\" data-widget_type=\"text-editor.default\">\n\t\t\t\t<div class=\"elementor-widget-container\">\n\t\t\t\t\t\t\t\t\t<p>Ukoliko ima\u0161 prijateljicu (ili vi\u0161e njih <img decoding=\"async\" class=\"emoji\" role=\"img\" draggable=\"false\" src=\"https:\/\/s.w.org\/images\/core\/emoji\/13.1.0\/svg\/1f60a.svg\" alt=\"\ud83d\ude0a\" \/>) koja ti se povjerila sa informacijom da \u010deka bebu, a jo\u0161 uvijek nije uradila prenatalni test, mo\u017ee\u0161 da joj po\u0161alje\u0161 promo kod za popust od <strong>50 EUR<\/strong>.<\/p><p>Promo kod glasi <strong>VeritasTest-TvojeImePrezime<\/strong> (npr. VeritasTest-SaraSari\u0107) i mo\u017ee\u0161 ga pokloniti trima prijateljicama, tako \u0161to \u0107e\u0161 da ga po\u0161alje\u0161 putem bilo kojeg kanala kojim se dopisujete. Svaka od prijateljica koja dobije kod, isti mo\u017ee iskoristiti samo jednom, tako \u0161to \u0107e ga navesti prilikom registracije za test.<\/p><p>Da bi ostvarila popust, va\u017eno je da se registruje do 31. jula, a termin za testiranje \u0107e da dogovore na\u0161e ljubazne koleginice, u zavisnosti od toga u kojoj je tvoja prijateljica nedjelji trudno\u0107e.<\/p><p>Olak\u0161aj svojim prijateljicama odluku da se pridru\u017ee na\u0161oj sada ve\u0107 velikoj porodici #VeritasMama. <img decoding=\"async\" class=\"emoji\" role=\"img\" draggable=\"false\" src=\"https:\/\/s.w.org\/images\/core\/emoji\/13.1.0\/svg\/1f970.svg\" alt=\"\ud83e\udd70\" \/><\/p><p>Za sve dodatne informacije ti i tvoje prijateljice nam se mo\u017eete obratiti na broj telefona <a href=\"https:\/\/msng.link\/o\/?0038765387036=vi\" target=\"_blank\" rel=\"noopener\">065 387 036<\/a> ili putem na\u0161eg <a href=\"https:\/\/veritastestovi.com\/index.php\/veritas-home-page-bih\/\" target=\"_blank\" rel=\"noopener\">web sajta<\/a>.<\/p><p><strong>Tvoj Veritas tim<\/strong><\/p>\t\t\t\t\t\t\t\t<\/div>\n\t\t\t\t<\/div>\n\t\t\t\t\t<\/div>\n\t\t<\/div>\n\t\t\t\t\t<\/div>\n\t\t<\/section>\n\t\t\t\t<\/div>\n\t\t","protected":false},"excerpt":{"rendered":"<p>Darivanje je samo po sebi dar \u2013 hajde da zajedno poklanjamo Draga #VeritasMama, Ponosni smo \u0161to si donijela odluku da nam pokloni\u0161 svoje povjerenje u ispitivanju genetskog zdravlja svoje bebe i postala #VeritasMama. Presre\u0107ni smo zbog broja trudnica koje sa ponosom nose titulu #VeritasMama i svakodnevno \u0161alju fotografije svojih #VeritasBeba koje odrastaju u sre\u0107ne i [&hellip;]<\/p>\n","protected":false},"author":2,"featured_media":0,"parent":0,"menu_order":0,"comment_status":"closed","ping_status":"closed","template":"","meta":{"footnotes":""},"class_list":["post-3835","page","type-page","status-publish","hentry"],"yoast_head":"<!-- This site is optimized with the Yoast SEO plugin v27.3 - https:\/\/yoast.com\/product\/yoast-seo-wordpress\/ -->\n<title>#VeritasMama, poklanjaj sa nama! - Veritas Genetski Testovi<\/title>\n<meta name=\"robots\" content=\"index, follow, max-snippet:-1, max-image-preview:large, max-video-preview:-1\" \/>\n<link rel=\"canonical\" href=\"https:\/\/veritastestovi.com\/index.php\/veritasmama-poklanjaj-s-nama-2\/\" \/>\n<meta property=\"og:locale\" content=\"en_US\" \/>\n<meta property=\"og:type\" content=\"article\" \/>\n<meta property=\"og:title\" content=\"#VeritasMama, poklanjaj sa nama! - Veritas Genetski Testovi\" \/>\n<meta property=\"og:description\" content=\"Darivanje je samo po sebi dar \u2013 hajde da zajedno poklanjamo Draga #VeritasMama, Ponosni smo \u0161to si donijela odluku da nam pokloni\u0161 svoje povjerenje u ispitivanju genetskog zdravlja svoje bebe i postala #VeritasMama. Presre\u0107ni smo zbog broja trudnica koje sa ponosom nose titulu #VeritasMama i svakodnevno \u0161alju fotografije svojih #VeritasBeba koje odrastaju u sre\u0107ne i [&hellip;]\" \/>\n<meta property=\"og:url\" content=\"https:\/\/veritastestovi.com\/index.php\/veritasmama-poklanjaj-s-nama-2\/\" \/>\n<meta property=\"og:site_name\" content=\"Veritas Genetski Testovi\" \/>\n<meta property=\"article:modified_time\" content=\"2022-06-22T07:50:23+00:00\" \/>\n<meta property=\"og:image\" content=\"https:\/\/veritastestovi.com\/wp-content\/uploads\/2021\/12\/VeritasMama-poklanjaj-sa-nama-1200x628-1.png\" \/>\n\t<meta property=\"og:image:width\" content=\"1200\" \/>\n\t<meta property=\"og:image:height\" content=\"628\" \/>\n\t<meta property=\"og:image:type\" content=\"image\/png\" \/>\n<meta name=\"twitter:card\" content=\"summary_large_image\" \/>\n<meta name=\"twitter:label1\" content=\"Est. reading time\" \/>\n\t<meta name=\"twitter:data1\" content=\"3 minutes\" \/>\n<script type=\"application\/ld+json\" class=\"yoast-schema-graph\">{\"@context\":\"https:\\\/\\\/schema.org\",\"@graph\":[{\"@type\":\"WebPage\",\"@id\":\"https:\\\/\\\/veritastestovi.com\\\/index.php\\\/veritasmama-poklanjaj-s-nama-2\\\/\",\"url\":\"https:\\\/\\\/veritastestovi.com\\\/index.php\\\/veritasmama-poklanjaj-s-nama-2\\\/\",\"name\":\"#VeritasMama, poklanjaj sa nama! - Veritas Genetski Testovi\",\"isPartOf\":{\"@id\":\"https:\\\/\\\/veritastestovi.com\\\/#website\"},\"primaryImageOfPage\":{\"@id\":\"https:\\\/\\\/veritastestovi.com\\\/index.php\\\/veritasmama-poklanjaj-s-nama-2\\\/#primaryimage\"},\"image\":{\"@id\":\"https:\\\/\\\/veritastestovi.com\\\/index.php\\\/veritasmama-poklanjaj-s-nama-2\\\/#primaryimage\"},\"thumbnailUrl\":\"https:\\\/\\\/veritastestovi.com\\\/wp-content\\\/uploads\\\/2021\\\/12\\\/VeritasMama-poklanjaj-sa-nama.png\",\"datePublished\":\"2021-12-14T08:12:06+00:00\",\"dateModified\":\"2022-06-22T07:50:23+00:00\",\"breadcrumb\":{\"@id\":\"https:\\\/\\\/veritastestovi.com\\\/index.php\\\/veritasmama-poklanjaj-s-nama-2\\\/#breadcrumb\"},\"inLanguage\":\"en-US\",\"potentialAction\":[{\"@type\":\"ReadAction\",\"target\":[\"https:\\\/\\\/veritastestovi.com\\\/index.php\\\/veritasmama-poklanjaj-s-nama-2\\\/\"]}]},{\"@type\":\"ImageObject\",\"inLanguage\":\"en-US\",\"@id\":\"https:\\\/\\\/veritastestovi.com\\\/index.php\\\/veritasmama-poklanjaj-s-nama-2\\\/#primaryimage\",\"url\":\"https:\\\/\\\/veritastestovi.com\\\/wp-content\\\/uploads\\\/2021\\\/12\\\/VeritasMama-poklanjaj-sa-nama.png\",\"contentUrl\":\"https:\\\/\\\/veritastestovi.com\\\/wp-content\\\/uploads\\\/2021\\\/12\\\/VeritasMama-poklanjaj-sa-nama.png\",\"width\":1080,\"height\":1080,\"caption\":\"#VeritasMama, poklanjaj s nama!\"},{\"@type\":\"BreadcrumbList\",\"@id\":\"https:\\\/\\\/veritastestovi.com\\\/index.php\\\/veritasmama-poklanjaj-s-nama-2\\\/#breadcrumb\",\"itemListElement\":[{\"@type\":\"ListItem\",\"position\":1,\"name\":\"Home\",\"item\":\"https:\\\/\\\/veritastestovi.com\\\/\"},{\"@type\":\"ListItem\",\"position\":2,\"name\":\"#VeritasMama, poklanjaj sa nama!\"}]},{\"@type\":\"WebSite\",\"@id\":\"https:\\\/\\\/veritastestovi.com\\\/#website\",\"url\":\"https:\\\/\\\/veritastestovi.com\\\/\",\"name\":\"Veritas Genetski Testovi\",\"description\":\"\",\"publisher\":{\"@id\":\"https:\\\/\\\/veritastestovi.com\\\/#organization\"},\"potentialAction\":[{\"@type\":\"SearchAction\",\"target\":{\"@type\":\"EntryPoint\",\"urlTemplate\":\"https:\\\/\\\/veritastestovi.com\\\/?s={search_term_string}\"},\"query-input\":{\"@type\":\"PropertyValueSpecification\",\"valueRequired\":true,\"valueName\":\"search_term_string\"}}],\"inLanguage\":\"en-US\"},{\"@type\":\"Organization\",\"@id\":\"https:\\\/\\\/veritastestovi.com\\\/#organization\",\"name\":\"Veritas testovi - BTGMED\",\"url\":\"https:\\\/\\\/veritastestovi.com\\\/\",\"logo\":{\"@type\":\"ImageObject\",\"inLanguage\":\"en-US\",\"@id\":\"https:\\\/\\\/veritastestovi.com\\\/#\\\/schema\\\/logo\\\/image\\\/\",\"url\":\"https:\\\/\\\/veritastestovi.com\\\/wp-content\\\/uploads\\\/2021\\\/04\\\/btg-med.png\",\"contentUrl\":\"https:\\\/\\\/veritastestovi.com\\\/wp-content\\\/uploads\\\/2021\\\/04\\\/btg-med.png\",\"width\":1608,\"height\":536,\"caption\":\"Veritas testovi - BTGMED\"},\"image\":{\"@id\":\"https:\\\/\\\/veritastestovi.com\\\/#\\\/schema\\\/logo\\\/image\\\/\"}}]}<\/script>\n<!-- \/ Yoast SEO plugin. -->","yoast_head_json":{"title":"#VeritasMama, poklanjaj sa nama! - Veritas Genetski Testovi","robots":{"index":"index","follow":"follow","max-snippet":"max-snippet:-1","max-image-preview":"max-image-preview:large","max-video-preview":"max-video-preview:-1"},"canonical":"https:\/\/veritastestovi.com\/index.php\/veritasmama-poklanjaj-s-nama-2\/","og_locale":"en_US","og_type":"article","og_title":"#VeritasMama, poklanjaj sa nama! - Veritas Genetski Testovi","og_description":"Darivanje je samo po sebi dar \u2013 hajde da zajedno poklanjamo Draga #VeritasMama, Ponosni smo \u0161to si donijela odluku da nam pokloni\u0161 svoje povjerenje u ispitivanju genetskog zdravlja svoje bebe i postala #VeritasMama. Presre\u0107ni smo zbog broja trudnica koje sa ponosom nose titulu #VeritasMama i svakodnevno \u0161alju fotografije svojih #VeritasBeba koje odrastaju u sre\u0107ne i [&hellip;]","og_url":"https:\/\/veritastestovi.com\/index.php\/veritasmama-poklanjaj-s-nama-2\/","og_site_name":"Veritas Genetski Testovi","article_modified_time":"2022-06-22T07:50:23+00:00","og_image":[{"width":1200,"height":628,"url":"https:\/\/veritastestovi.com\/wp-content\/uploads\/2021\/12\/VeritasMama-poklanjaj-sa-nama-1200x628-1.png","type":"image\/png"}],"twitter_card":"summary_large_image","twitter_misc":{"Est. reading time":"3 minutes"},"schema":{"@context":"https:\/\/schema.org","@graph":[{"@type":"WebPage","@id":"https:\/\/veritastestovi.com\/index.php\/veritasmama-poklanjaj-s-nama-2\/","url":"https:\/\/veritastestovi.com\/index.php\/veritasmama-poklanjaj-s-nama-2\/","name":"#VeritasMama, poklanjaj sa nama! - Veritas Genetski Testovi","isPartOf":{"@id":"https:\/\/veritastestovi.com\/#website"},"primaryImageOfPage":{"@id":"https:\/\/veritastestovi.com\/index.php\/veritasmama-poklanjaj-s-nama-2\/#primaryimage"},"image":{"@id":"https:\/\/veritastestovi.com\/index.php\/veritasmama-poklanjaj-s-nama-2\/#primaryimage"},"thumbnailUrl":"https:\/\/veritastestovi.com\/wp-content\/uploads\/2021\/12\/VeritasMama-poklanjaj-sa-nama.png","datePublished":"2021-12-14T08:12:06+00:00","dateModified":"2022-06-22T07:50:23+00:00","breadcrumb":{"@id":"https:\/\/veritastestovi.com\/index.php\/veritasmama-poklanjaj-s-nama-2\/#breadcrumb"},"inLanguage":"en-US","potentialAction":[{"@type":"ReadAction","target":["https:\/\/veritastestovi.com\/index.php\/veritasmama-poklanjaj-s-nama-2\/"]}]},{"@type":"ImageObject","inLanguage":"en-US","@id":"https:\/\/veritastestovi.com\/index.php\/veritasmama-poklanjaj-s-nama-2\/#primaryimage","url":"https:\/\/veritastestovi.com\/wp-content\/uploads\/2021\/12\/VeritasMama-poklanjaj-sa-nama.png","contentUrl":"https:\/\/veritastestovi.com\/wp-content\/uploads\/2021\/12\/VeritasMama-poklanjaj-sa-nama.png","width":1080,"height":1080,"caption":"#VeritasMama, poklanjaj s nama!"},{"@type":"BreadcrumbList","@id":"https:\/\/veritastestovi.com\/index.php\/veritasmama-poklanjaj-s-nama-2\/#breadcrumb","itemListElement":[{"@type":"ListItem","position":1,"name":"Home","item":"https:\/\/veritastestovi.com\/"},{"@type":"ListItem","position":2,"name":"#VeritasMama, poklanjaj sa nama!"}]},{"@type":"WebSite","@id":"https:\/\/veritastestovi.com\/#website","url":"https:\/\/veritastestovi.com\/","name":"Veritas Genetski Testovi","description":"","publisher":{"@id":"https:\/\/veritastestovi.com\/#organization"},"potentialAction":[{"@type":"SearchAction","target":{"@type":"EntryPoint","urlTemplate":"https:\/\/veritastestovi.com\/?s={search_term_string}"},"query-input":{"@type":"PropertyValueSpecification","valueRequired":true,"valueName":"search_term_string"}}],"inLanguage":"en-US"},{"@type":"Organization","@id":"https:\/\/veritastestovi.com\/#organization","name":"Veritas testovi - BTGMED","url":"https:\/\/veritastestovi.com\/","logo":{"@type":"ImageObject","inLanguage":"en-US","@id":"https:\/\/veritastestovi.com\/#\/schema\/logo\/image\/","url":"https:\/\/veritastestovi.com\/wp-content\/uploads\/2021\/04\/btg-med.png","contentUrl":"https:\/\/veritastestovi.com\/wp-content\/uploads\/2021\/04\/btg-med.png","width":1608,"height":536,"caption":"Veritas testovi - BTGMED"},"image":{"@id":"https:\/\/veritastestovi.com\/#\/schema\/logo\/image\/"}}]}},"_links":{"self":[{"href":"https:\/\/veritastestovi.com\/index.php\/wp-json\/wp\/v2\/pages\/3835","targetHints":{"allow":["GET"]}}],"collection":[{"href":"https:\/\/veritastestovi.com\/index.php\/wp-json\/wp\/v2\/pages"}],"about":[{"href":"https:\/\/veritastestovi.com\/index.php\/wp-json\/wp\/v2\/types\/page"}],"author":[{"embeddable":true,"href":"https:\/\/veritastestovi.com\/index.php\/wp-json\/wp\/v2\/users\/2"}],"replies":[{"embeddable":true,"href":"https:\/\/veritastestovi.com\/index.php\/wp-json\/wp\/v2\/comments?post=3835"}],"version-history":[{"count":0,"href":"https:\/\/veritastestovi.com\/index.php\/wp-json\/wp\/v2\/pages\/3835\/revisions"}],"wp:attachment":[{"href":"https:\/\/veritastestovi.com\/index.php\/wp-json\/wp\/v2\/media?parent=3835"}],"curies":[{"name":"wp","href":"https:\/\/api.w.org\/{rel}","templated":true}]}}